b. What is the units digit of b?
6
Let m(l) = l + 4. Let t be m(10). Suppose 4*f = 6 - t. What is the units digit of (f - 1) + 19/1?
6
What is the tens digit of (2/(-6))/((-72)/92664)?
2
Suppose -2*t = 2*u - 3102, t - 6005 = -4*u + 211. What is the units digit of u?
5
Suppose -119*u + 156 = -131*u. Let g(y) = -y**3 - 4 - 12*y**2 + 5*y - 3 + 7*y. What is the units digit of g(u)?
6
Let l(c) = -2*c + 9. Let p be l(-9). Let u be 7/3 - 9/p. Suppose 3*i + 3*a - 48 = 0, -i + 2*a + 11 = -u*a. What is the tens digit of i?
1
Suppose -5*b - 1981 = -3*y, 4*y + 0*y + b - 2672 = 0. What is the hundreds digit of y?
6
Let w(u) = u**2 + 1. Let b(h) = 6*h**2 - h - 19. Let k(z) = b(z) - 5*w(z). What is the tens digit of k(11)?
8
Suppose -8*h + 6 = -6*h. Suppose 0 = 5*u + 3*y - 741, h*u - 453 = y - 0*y. What is the hundreds digit of u?
1
Suppose -n + 5860 - 1892 = 0. What is the hundreds digit of n?
9
Suppose -94*i - 788 = -98*i. What is the units digit of i?
7
Suppose -5 = k + i, -3*i = 2*k - 4*i + 22. Let p = 9 - k. What is the tens digit of p?
1
Let y = -5418 - -9042. What is the thousands digit of y?
3
Let j = -374 + 267. Let s = j + 191. What is the tens digit of s?
8
What is the tens digit of (-3)/(4*(-6)/5352)?
6
Suppose -48*m - 15994 = -59*m. What is the thousands digit of m?
1
Let h(t) = t**2 + 12*t + 21. Let n be h(-12). Let a = n - -19. What is the units digit of a?
0
Suppose 50754 = 53*q - 23605. What is the thousands digit of q?
1
Let s = -15 + 15. Suppose s = -2*w - w + 102. Suppose -2*c - w = -2*k, 2*c + 2 + 0 = 0. What is the units digit of k?
6
Suppose -5*l + 8 = -7. Suppose 11 = -l*x + 80. Suppose -m + x = -0*m. What is the tens digit of m?
2
What is the units digit of 288 + 6 + (-3 - -2) + 2?
5
Suppose 0 = 80*b - 61*b - 20615. What is the hundreds digit of b?
0
Suppose -6*p + 16 + 14 = 0. Suppose -4*j - 46 = 4*k + j, p*k = 3*j - 39. Let o = k + 27. What is the tens digit of o?
1
What is the units digit of 4/32*-4 + (-20635)/(-10)?
3
Let v = -42 + 35. Let u = 9 + v. What is the units digit of u?
2
Let j = 672 + 693. What is the hundreds digit of j?
3
Suppose -20*b - 819 = -13*b. Let u = -80 - b. What is the units digit of u?
7
Suppose -2*f + 4*f = 12. Let y = -8 + f. What is the tens digit of -26*-1*(-1)/y?
1
Suppose -4*w + 0*w + 20 = 4*g, 4*w = 5*g + 2. Suppose -8*z = -w*z. Suppose -5*q + 4*v + 57 = z, -2*q + 3*v = 2*q - 45. What is the units digit of q?
9
Suppose -4*b - 1 + 11 = 2*x, 2*x - 2*b + 8 = 0. Let j(v) = -v - 6. Let t be j(-5). What is the tens digit of 51 + t + (x - 0)?
4
Suppose -17*j + 0*j + 2754 = 0. Let f = j - 160. What is the units digit of f?
2
Suppose 30 = 2*r - 5*z, -z = r - 0*z - 1. Suppose -88 = -r*j + 3*j. What is the units digit of j?
4
Let y be (-6)/(-24) - 3/(-4). Let p be (5 + -4)/(y/8). Suppose -19 = -3*i + p. What is the units digit of i?
9
Let r(m) = m**2 - 2*m + 4. Suppose 0*q = q - 1. Suppose -5*x - q - 19 = 0. What is the tens digit of r(x)?
2
Let n(r) = -2*r**2 + 10*r - 2. Let p be n(3). Let s = p + -2. What is the units digit of s?
8
Suppose 182 = -5*h + 1647. What is the tens digit of h?
9
Let w(q) = -q**2 + 11*q - 8. Let n be w(10). Suppose 3*k - 4*c - 33 = 0, 2*k = n*c + 14 + 6. What is the units digit of k?
7
Let z(y) be the second derivative of y**6/240 + 3*y**5/40 - y**4/3 + 6*y. Let l(s) be the third derivative of z(s). What is the units digit of l(4)?
1
Let l(z) = -z**2 - 7*z - 2. Let n(o) = -3*o - 1. Let m be n(-1). Let h be m/(-4) - (-15)/(-6). What is the units digit of l(h)?
0
Let a = 468 - 283. Let y = -26 + a. What is the tens digit of y?
5
Suppose 0 = -36*i + 64*i - 9772. What is the hundreds digit of i?
3
Suppose 201*u - 111625 = 176*u. What is the thousands digit of u?
4
Suppose -4*v = -10*v + 18. Suppose -4*j + 10 = -2. Suppose -61 = -j*z - x, -v*x - 55 = -3*z + 2*x. What is the tens digit of z?
2
Let v = -156 + 207. What is the tens digit of v?
5
Suppose -2 = -5*r + 2*a, 5*r + 0*a = -3*a + 22. Let j be ((-2)/(-4))/((-2)/(-4)). Let d = r + j. What is the units digit of d?
3
Suppose d = -0*d + 2*p - 98, -5*p - 294 = 3*d. Let r = -46 - d. Suppose -2*h = -4*g - 12, -h - 5*g + r - 18 = 0. What is the units digit of h?
4
Suppose -7*u = -9*u + 108. Let t = u - -20. What is the units digit of t?
4
Suppose 0 = -9*o + 2*o + 1260. What is the tens digit of (o/5)/(6/4) + 0?
2
Suppose -3*o + 13824 = -2*s - s, 0 = -5*o + 2*s + 23028. What is the hundreds digit of o?
6
Let t = -6 - -7. Let x be (3 + 40)/t + 3. Let i = 87 - x. What is the tens digit of i?
4
Let t(k) = k**2 - 24*k + 67. Suppose 0 = 5*r - 9 - 96. What is the units digit of t(r)?
4
Let h(f) = -f**3 + 5*f**2 + 8*f + 3. Let j be h(6). Let r = -10 + j. Suppose 0 = -r*n - 17 + 122. What is the tens digit of n?
2
Suppose 0 = -h + 2*x + 2569, 4*h = -x + 4232 + 6008. What is the thousands digit of h?
2
Suppose g = 2*h + 229 - 1053, 0 = -5*h + g + 2063. What is the hundreds digit of h?
4
What is the units digit of (-1701)/(-13) + (189/(-39) - -5)?
1
Let l = -7 + 4. Let r(b) be the second derivative of -b**4/12 - 7*b**3/6 + b**2/2 + 10*b. What is the units digit of r(l)?
3
Let r(v) = -v**3 - 31*v**2 + v + 31. Let k be r(-31). Suppose 5*z - 141 - 1179 = k. What is the hundreds digit of z?
2
Let k = -211 + 845. What is the units digit of k?
4
Let o = 113 + 114. What is the hundreds digit of o?
2
Let q = -19 - -21. Let n(v) = 10*v**3 + 12*v**3 - v - 6*v**2 + 4*v**q + 3*v. What is the tens digit of n(1)?
2
Suppose 0 = p + 2 - 6. Suppose 0 = p*o - 11 + 19. What is the units digit of (o/4)/((-3)/12)?
2
Suppose 18*t - 4*y - 610 = 17*t, -t + 5*y = -608. What is the hundreds digit of t?
6
Let t be (4 - 3)*-2 + 6. Suppose -352 = -t*b - 48. Suppose 48 = 2*d + 4*i, 0 = -2*d + 5*d + 5*i - b. What is the units digit of d?
2
Let u = 14 + 0. Let h be (u/(-4) - 3)*2. Let t = h - -36. What is the units digit of t?
3
Let a = 150 + -146. Suppose -3*j + 4*i = -473, 2*j + a*i - 505 = -j. What is the tens digit of j?
6
What is the units digit of (1 + 2)*(-38571)/(-39)?
7
Let o(m) = -m**3 - 5*m**2 + 7*m + 9. Let h be o(-6). Suppose -h*s + 708 = 174. What is the units digit of s?
8
Let j = -2 + 5. Suppose 5*a + 35 = -5*x, -5*x - j*a - 20 = -a. Let k = -1 - x. What is the units digit of k?
1
Suppose -3*a = -3, 0 = -4*c + 2*c - 3*a + 13. Suppose -5*t + 2*s = 10, 4*s - 15 - 5 = -c*t. Suppose t = -2*k - 0 + 4. What is the units digit of k?
2
Let g = -6118 + 12379. What is the units digit of g?
1
Let o(u) = 16*u**3 - 13*u**2 + 56*u - 2. What is the units digit of o(5)?
3
Suppose 3*o - 22 = 11. Let r be o/22*10/1. Let i(c) = -c**3 + 5*c**2 + 2*c - 4. What is the units digit of i(r)?
6
Let s(k) = -99*k - 29. What is the hundreds digit of s(-6)?
5
Suppose -4*t - d + 2113 = 0, -5*t - 2*d + 7*d + 2635 = 0. What is the hundreds digit of t?
5
Suppose -3*b - 1253 = -2*i, -2*i + 2*b = -1982 + 730. What is the hundreds digit of i?
6
Let h = -7 + 14. Let t(i) = -176*i**2 + 57*i**2 + 57*i**2 - 2*i + 63*i**2 + 11. What is the units digit of t(h)?
6
Let f(r) = -r**2 + 14*r + 4. Let g be f(11). Let c = -6 + 9. Suppose -c*b - 15 = -u - g, 0 = 3*b - 5*u - 38. What is the units digit of b?
6
Let g(z) = -7*z**2 + 4*z - 4. Let l be g(2). What is the units digit of l*(4 + 44/(-6))?
0
Suppose 2406 = 5*i + 2*f - 4*f, -2*i = 2*f - 954. What is the units digit of i?
0
Let w(z) = 2*z**2 + 2*z - 1. Let p be w(-2). Let n(u) = -u - 3 + 0*u**2 + 3*u**2 + 5*u**2. What is the tens digit of n(p)?
6
What is the tens digit of 109/(-218) + (-3629)/(-2)?
1
Let k = 1315 - 927. What is the hundreds digit of k?
3
Let n be (8 + -5)/((-3)/(-109)). Let z = n + -24. What is the units digit of z?
5
Suppose 142 = 2*q - 494. What is the hundreds digit of q?
3
Suppose 2*m - 6*m = 4*b - 28, -3*m - 67 = -5*b. Suppose -b - 1 = 2*i. What is the units digit of 8/12 + (-98)/i?
7
Suppose -37 = -2*t + 2275. What is the thousands digit of t?
1
Let g be (206/4)/((-3)/6). Suppose 21*b - 160 = 22*b. Let a = g - b. What is the tens digit of a?
5
Let u(q) = 8*q + 5. Let f be u(8). Let o = f - 30. What is the tens digit of o?
3
Suppose -3*f - 16*f = -21185. What is the thousands digit of f?
1
Let w(b) = -b - 1. Let g(z) = -z**2 - 6*z + 11. Let i(o) = -g(o) + 3*w(o). What is the units digit of i(-9)?
0
Let z(u) = -u**3 - 5*u**2 + 10*u + 5.